= 31 - 43. Let o be (4/m)/((-2)/18). Let u be t(o). What is the greatest common factor of 5 and u?
5
Suppose -4*s = -15 - 21. Suppose 0 = -4*g - b - 3 + 27, b = 0. Suppose 288 = 10*c - g*c. Calculate the highest common factor of c and s.
9
Suppose q - 556 = -3*b - b, 0 = 4*b + 3*q - 548. Suppose 3 - 53 = -5*o. What is the greatest common divisor of b and o?
10
Let i be (-228)/(-4) - -3 - -2. Let z = -49 + i. What is the greatest common divisor of 26 and z?
13
Suppose 0 = 4*l + f - 107, -3*l + 58 = -l + 2*f. Suppose -3*v + 22 = -l. What is the greatest common divisor of 16 and v?
16
Suppose -2*h + 4*y = 8*y - 2, h + 4*y - 5 = 0. Let s be (-2)/6 - 121/h. Calculate the highest common divisor of s and 8.
8
Suppose 4*y + 185 = 885. Calculate the greatest common factor of y and 25.
25
Suppose 3*m = 2*i + 93 + 171, -5*m + 4*i = -440. What is the highest common factor of 66 and m?
22
Let s be (-3088)/(-56) - 3/21. Calculate the highest common divisor of s and 11.
11
Let d = 402 - 397. What is the greatest common factor of 25 and d?
5
Let x be (440/275)/((-2)/(-100)). Calculate the greatest common divisor of x and 680.
40
Let f be (5/(-4) - -1) + 2120/32. Let t(m) = 62*m**2. Let g be t(1). Suppose 268 = 2*j - g. Calculate the highest common factor of f and j.
33
Let m = 29 + 7. Let k = 80 - m. Calculate the greatest common divisor of k and 66.
22
Let z(q) = q + 8. Let j be z(-6). Suppose 0 = -j*i - 10 + 14. What is the highest common factor of 18 and i?
2
Let k be 10/(-3) - (-15)/45. Let g be -27*(0 - k)*2/(-6). Calculate the greatest common factor of 3 and g.
3
Let c = -28 - -11. Let f = c - -26. Let a be (-676)/(-5) + f/(-45). Calculate the greatest common divisor of 15 and a.
15
Let w(f) = -21*f - 198. Let z be w(-16). What is the highest common divisor of 230 and z?
46
Let u be 4/(-14) - 1*618/42. Let w be (24 + u)/(3/2). Let i(t) = -22*t - 2. Let n be i(-2). Calculate the greatest common divisor of n and w.
6
Suppose 4*t + 3*u = 1423, -7*t + 4*u + 1740 = -2*t. What is the greatest common divisor of 33 and t?
11
Suppose 43*t - 48*t + 55 = 0. Let h(o) = 3*o**2 - 3*o - 3. Let g be h(-3). What is the highest common divisor of t and g?
11
Let c = -5 - -408. Calculate the greatest common divisor of 26 and c.
13
Let i be (1 - 0)/((-3)/(-18)). Let x be ((-22)/10 - -1)*-5. Calculate the highest common factor of i and x.
6
Let d(o) = -o**3 - 32*o**2 - 2*o - 42. Let g be d(-32). What is the highest common divisor of 286 and g?
22
Let w be 574/9 - 6/(-27). Suppose 0 = 10*r - 11*r + 21. Suppose -3*i + 4*i - 4*n + 12 = 0, r = 2*i + n. Calculate the highest common divisor of w and i.
8
Suppose 1328 = -4*c + f, -3*f + 792 + 528 = -4*c. Let b = c - -477. Calculate the highest common factor of b and 16.
16
Let s be ((-4)/(-6))/(32/(-1488)). Let u = -28 - s. Suppose -2*t - c = -109, 254 = 4*t + u*c + 41. What is the greatest common factor of t and 19?
19
Suppose -3*g + 4*b = -4*g + 9, b = 2*g - 27. Let m(w) = -51*w - 89. Let f be m(-2). Calculate the highest common divisor of g and f.
13
Let l be 4/(-18) + (-158)/18. Let q = l + 7. Let t be 264 - 0*(q + 3). What is the highest common factor of t and 24?
24
Suppose -4*y = 5*m - 6, 3*m = -y + 5 - 0. Let j be 0 + m + -6 + 4. Let l = j + 8. What is the highest common divisor of l and 8?
8
Suppose -4*c - 3*b + 37 = 0, -16*b = -12*b + 4. Calculate the highest common divisor of 50 and c.
10
Let a be ((-36)/(-16) - -6)/((-6)/(-32)). Let d be (1 + 9)/(11/a). What is the highest common factor of d and 120?
40
Let u be -1*18/15*-105. Suppose 6 - 20 = -x. Calculate the highest common factor of x and u.
14
Suppose 0*n = 27*n - 864. Calculate the greatest common factor of 56 and n.
8
Let n(c) = c**2 + 5*c - 11. Let x(z) = z - 4. Let v be x(-4). Let s be n(v). Let b = -11 + s. What is the greatest common factor of 3 and b?
1
Suppose 3*c - 20 = 3*i + 1, i = 4*c - 31. Suppose 189*b - 194*b = -60. Calculate the highest common factor of b and c.
4
Let a(k) = 2*k**2 - 30*k + 245. Let y be a(8). Calculate the greatest common divisor of 91 and y.
7
Let s = -129 + 120. Let o be s/60*-24*(0 + 20). Calculate the greatest common divisor of 96 and o.
24
Let b be 121 + (-2 - -1)*3. Suppose -4 = -2*s, 0 = -2*t - 5*s - 0*s + b. Calculate the greatest common factor of t and 378.
54
Let o = 9 + -2. Suppose -96 = 3*j - o*j. Suppose 5*l - 2*z = 18, 0 = -4*l + 5*z - z + j. Calculate the greatest common divisor of l and 22.
2
Let f(o) = -o**2 + 83. Let m be f(9). What is the greatest common divisor of 6 and m?
2
Let i be 1/2*(-4 - 2). Let j(u) = -4*u. Let s be j(i). Suppose 2*l - 3 = -3*k, k + 9 = l - 0*k. What is the highest common divisor of l and s?
6
Suppose 221*q - 12 = 220*q. What is the highest common factor of q and 9?
3
Let s be (8/2)/(-1*(-8)/6). Suppose -2*o = -5*z + 15, -4*o + 0*o - 22 = -2*z. Calculate the greatest common factor of s and z.
1
Let h be (-6)/(7/(14/(-3))). Suppose -t = h*n - 39, 3*t = -0*n - 2*n + 87. Calculate the highest common factor of 243 and t.
27
Suppose 8*p - 5*s = 10*p, -3*s + 19 = 5*p. Suppose -b + p*b = 8. Let x = -2 + 5. What is the greatest common factor of x and b?
1
Suppose -s - 49 = -5*q - 3*s, -3*q = -3*s - 42. What is the greatest common factor of q and 1155?
11
Let y be -25*((-66)/30 + 2). Let f = 3 - 4. Let n = y + f. What is the greatest common factor of 2 and n?
2
Let w be -3 - 18/(-5) - (-294)/10. Let u be (-1 - (1 + -3)) + 1. Suppose u*m = -b + 26, 4*b - 3*b = 5*m - 58. Calculate the highest common factor of m and w.
6
Let s be ((-8)/60*3)/((-27)/2295). What is the greatest common factor of s and 2006?
34
Suppose c + 9 = 178. Let x = c - 94. Let i(q) = 31*q**3 - q**2. Let a be i(1). Calculate the highest common divisor of a and x.
15
Let l(i) = -3*i**3 - 7*i**2 - 3*i - 8. Let d be l(-5). Suppose -4*h + d = -101. What is the highest common divisor of h and 11?
11
Let q(g) = -g + 111. Let p be q(0). Let r be (-2)/2 + 0 + 3. Suppose -r*z + 49 = 3*v, 0 = z - 4*z + 3*v + p. Calculate the highest common divisor of z and 80.
16
Let q = 17 - 17. Suppose n + 2*n - 63 = q. What is the highest common factor of 21 and n?
21
Let j(b) be the first derivative of b**4/4 + 2*b**3 + 4*b**2 + 14*b + 1. Let o be j(-4). Calculate the highest common factor of 56 and o.
14
Let k(p) = -19*p**2 - p. Let j be k(-2). Let r = 326 + j. Suppose 8*u - r = 2*u. What is the greatest common divisor of u and 105?
21
Let g be (64/(-6))/(28/(-5838)). Calculate the greatest common divisor of g and 16.
16
Let b be 79 + -30 - (0 + 0). What is the highest common divisor of 245 and b?
49
Suppose -r + 5 = -3*r + 5*c, 3*r - 2*c = -2. Suppose -5*g + u + 95 = r, -3*u - 87 = 4*g - 8*g. What is the highest common divisor of 63 and g?
9
Let k = -19 + 20. Let q = -3 + k. Let g be 3 + q*(-2)/(-4). What is the highest common factor of 6 and g?
2
Let z(m) = -m**3 + m**2 + m - 4. Let g be z(-4). Calculate the greatest common divisor of 8 and g.
8
Let j = -169 - -192. What is the highest common factor of j and 253?
23
Let b be (657 - (3 + -2))*30/8. What is the greatest common divisor of 120 and b?
60
Let j be (-6)/15 - 87/(-5). Suppose 0*f + 2*f + 4 = 4*r, f - 4*r = -6. Suppose p + 70 = 4*d, f*p + 33 = 3*d - j. What is the highest common divisor of 3 and d?
3
Let r = 125 - 104. Let g = 246 - 15. What is the highest common factor of r and g?
21
Let i be 0/(1/(-2)*-2). Suppose i = 36*d - 38*d + 100. Calculate the highest common factor of d and 20.
10
Suppose 3*r = -2*m - 7 - 1, -22 = -3*m + 4*r. Let s be (-18 + 28)*(0 - m). Let a = s + 65. What is the greatest common factor of 5 and a?
5
Suppose 4 = -4*k, -3*y + k = -0*k - 430. Let v be 6/8 + 34/8. Suppose b - 3*q = 2 - 1, -v*q = 4*b - 72. What is the greatest common divisor of y and b?
13
Let j(y) = -104*y + 592. Let c be j(4). What is the highest common divisor of 272 and c?
16
Let c(g) = -11*g**2 + g. Let z(w) = 23*w**2 - 3*w + 1. Let d(q) = -9*c(q) - 4*z(q). Let b be d(2). What is the highest common factor of 6 and b?
6
Let i(y) = -4*y + 2*y - 32*y**3 - 2 + 22*y**3 + y**2. Suppose 0 = -3*h - 0 - 3. Let s be i(h). Calculate the highest common factor of s and 33.
11
Let h = -214 + 259. Calculate the greatest common factor of 63 and h.
9
Let i be 8/((-45)/(-42) + -1) - 2. Suppose -2*w - 5*k + 325 = 